54.
10
Calculate the remainder when 3071 is divided by 15.
11
What is the remainder when 639 is divided by 575?
64
What is the remainder when 1072 is divided by 15?
7
Calculate the remainder when 15078 is divided by 15010.
68
What is the remainder when 280465 is divided by 113?
112
What is the remainder when 13379 is divided by 515?
504
What is the remainder when 2261 is divided by 69?
53
Calculate the remainder when 3065 is divided by 2.
1
What is the remainder when 1388 is divided by 6?
2
What is the remainder when 16317 is divided by 1628?
37
Calculate the remainder when 890489 is divided by 30.
29
Calculate the remainder when 118199 is divided by 17.
15
Calculate the remainder when 8190 is divided by 1872.
702
Calculate the remainder when 11650 is divided by 169.
158
Calculate the remainder when 1965 is divided by 1774.
191
What is the remainder when 1775 is divided by 260?
215
Calculate the remainder when 5648 is divided by 182.
6
Calculate the remainder when 16807 is divided by 4199.
11
What is the remainder when 13164 is divided by 27?
15
Calculate the remainder when 8325 is divided by 157.
4
What is the remainder when 1599 is divided by 777?
45
What is the remainder when 9123 is divided by 4537?
49
Calculate the remainder when 2680 is divided by 1.
0
Calculate the remainder when 723 is divided by 150.
123
What is the remainder when 77877 is divided by 21?
9
What is the remainder when 51540 is divided by 208?
164
What is the remainder when 28991 is divided by 5?
1
Calculate the remainder when 111036 is divided by 677.
8
What is the remainder when 1795 is divided by 303?
280
What is the remainder when 339362 is divided by 36?
26
What is the remainder when 1213601 is divided by 89?
86
Calculate the remainder when 3087 is divided by 2452.
635
Calculate the remainder when 1534 is divided by 10.
4
Calculate the remainder when 1001 is divided by 100.
1
Calculate the remainder when 6545 is divided by 252.
245
What is the remainder when 2038 is divided by 1833?
205
What is the remainder when 420058 is divided by 346?
14
Calculate the remainder when 13906 is divided by 13891.
15
Calculate the remainder when 3006 is divided by 19.
4
Calculate the remainder when 6348571 is divided by 94.
93
Calculate the remainder when 914 is divided by 711.
203
What is the remainder when 622372 is divided by 125?
122
What is the remainder when 325709 is divided by 16?
13
What is the remainder when 202947 is divided by 550?
547
Calculate the remainder when 866 is divided by 327.
212
Calculate the remainder when 12574 is divided by 12332.
242
Calculate the remainder when 204 is divided by 105.
99
What is the remainder when 18280 is divided by 8988?
304
Calculate the remainder when 92912 is divided by 23219.
36
What is the remainder when 749 is divided by 10?
9
Calculate the remainder when 46668 is divided by 606.
6
Calculate the remainder when 9006 is divided by 1762.
196
Calculate the remainder when 62552 is divided by 2613.
2453
Calculate the remainder when 641754 is divided by 332.
330
What is the remainder when 26512 is divided by 266?
178
Calculate the remainder when 9310 is divided by 194.
192
Calculate the remainder when 46612 is divided by 126.
118
What is the remainder when 5536 is divided by 31?
18
Calculate the remainder when 13254 is divided by 68.
62
Calculate the remainder when 27548 is divided by 365.
173
Calculate the remainder when 12975 is divided by 12962.
13
Calculate the remainder when 8758 is divided by 1725.
133
What is the remainder when 7185 is divided by 703?
155
What is the remainder when 2437 is divided by 413?
372
Calculate the remainder when 1140 is divided by 542.
56
What is the remainder when 11056 is divided by 283?
19
What is the remainder when 27206 is divided by 172?
30
What is the remainder when 8918 is divided by 270?
8
What is the remainder when 1491 is divided by 5?
1
What is the remainder when 21528 is divided by 3?
0
Calculate the remainder when 61605 is divided by 17.
14
Calculate the remainder when 895 is divided by 869.
26
What is the remainder when 6781 is divided by 251?
4
Calculate the remainder when 14817 is divided by 4937.
6
What is the remainder when 25415 is divided by 8455?
50
What is the remainder when 681 is divided by 199?
84
Calculate the remainder when 29353 is divided by 890.
873
Calculate the remainder when 36534 is divided by 30.
24
Calculate the remainder when 1755 is divided by 774.
207
Calculate the remainder when 6876 is divided by 573.
0
Calculate the remainder when 277587 is divided by 13.
11
Calculate the remainder when 20885 is divided by 167.
10
What is the remainder when 1264038 is divided by 797?
793
Calculate the remainder when 1708416 is divided by 219.
216
Calculate the remainder when 21350 is divided by 2371.
11
Calculate the remainder when 2603 is divided by 31.
30
Calculate the remainder when 48887 is divided by 24.
23
Calculate the remainder when 154146 is divided by 133.
132
What is the remainder when 89452 is divided by 51?
49
Calculate the remainder when 641 is divided by 48.
17
What is the remainder when 160347 is divided by 239?
217
Calculate the remainder when 5680 is divided by 294.
94
Calculate the remainder when 45378 is divided by 1815.
3
What is the remainder when 4198 is divided by 682?
106
What is the remainder when 5174496 is divided by 87?
84
What is the remainder when 414151 is divided by 46015?
16
What is the remainder when 1333593 is divided by 30?
3
Calculate the remainder when 715087 is divided by 334.
327
What is the remainder when 5613 is divided by 2141?
1331
Calculate the remainder when 631104 is divided by 462.
12
Calculate the remainder when 550857 is divided by 631.
625
Calculate the remainder when 118147 is divided by 208.
3
Calculate the remainder when 2466 is divided by 56.
2
What is the remainder when 22214 is divided by 653?
12
Calculate the remainder when 95173 is divided by 125.
48
Calculate the remainder when 277 is divided by 22.
13
What is the remainder when 828 is divided by 18?
0
Calculate the remainder when 75559 is divided by 1201.
1097
What is the remainder when 318 is divided by 244?
74
Calculate the remainder when 8758 is divided by 18.
10
What is the remainder when 895942 is divided by 33?
25
Calculate the remainder when 3840 is divided by 74.
66
What is the remainder when 1791 is divided by 112?
111
Calculate the remainder when 32807 is divided by 872.
543
What is the remainder when 3925 is divided by 1273?
106
Calculate the remainder when 1030 is divided by 234.
94
What is the remainder when 46583 is divided by 137?
3
Calculate the remainder when 648 is divided by 143.
76
What is the remainder when 60719 is divided by 188?
183
Calculate the remainder when 116477 is divided by 130.
127
Calculate the remainder when 75545 is divided by 15108.
5
What is the remainder when 4344 is divided by 137?
97
What is the remainder when 10468 is divided by 59?
25
What is the remainder when 100326 is divided by 5571?
48
Calculate the remainder when 1103917 is divided by 19.
17
Calculate the remainder when 6882 is divided by 180.
42
Calculate the remainder when 6389277 is divided by 13.
11
What is the remainder when 32479 is divided by 232?
231
Calculate the remainder when 36322 is divided by 203.
188
What is the remainder when 14994 is divided by 2498?
6
What is the remainder when 24398 is divided by 979?
902
What is the remainder when 25050 is divided by 348?
342
Calculate the remainder when 25074 is divided by 51.
33
What is the remainder when 622213 is divided by 31109?
33
What is the remainder when 1070 is divided by 1070?
0
What is the remainder when 49192 is divided by 6147?
16
Calculate the remainder when 7267 is divided by 107.
98
What is the remainder when 12153 is divided by 11?
9
Calculate the remainder when 14949 is divided by 94.
3
Calculate the remainder when 17510 is divided by 26.
12
Calculate the remainder when 341594 is divided by 170796.
2
What is the remainder when 70408 is divided by 582?
568
Calculate the remainder when 1421 is divided by 463.
32
What is the remainder when 1131871 is divided by 125763?
4
Calculate the remainder when 1241972 is divided by 81.
80
Calculate the remainder when 673 is divided by 156.
49
Calculate the r